 20*s - 299. Calculate j(16).
21
Let i(f) = 12*f + 658. What is i(-59)?
-50
Let m(d) = 26*d - 137. What is m(7)?
45
Let t(i) = -11*i - 74. Give t(21).
-305
Let s(u) = 29*u**2 + 16*u - 13. What is s(-3)?
200
Let q(w) = w**3 - 45*w**2 + 84*w + 7. What is q(43)?
-79
Let c(a) = -99*a**2 + 1185*a - 30. Give c(12).
-66
Let j(d) = -12*d + 146. Determine j(12).
2
Let n(q) = 2*q**2 - 69*q + 467. What is n(7)?
82
Let b(t) = -1323*t - 6621. Calculate b(-5).
-6
Let z(g) = -128*g - 2832. Calculate z(-22).
-16
Let b(w) = -21*w**2 + 89*w - 14. What is b(4)?
6
Let t(s) = -11*s**3 - 20*s**2 - 3*s - 1. Determine t(-2).
13
Let g(j) = -119*j + 434. Give g(8).
-518
Let n(m) = 413*m + 3730. What is n(-9)?
13
Let w(s) = 8*s**2 + 24*s - 2. Give w(-4).
30
Let j(o) = -252*o - 508. What is j(-2)?
-4
Let y(w) = 34*w + 904. Determine y(-31).
-150
Let g(s) = -4*s**2 - 9*s - 2. Determine g(2).
-36
Let x(l) = 2*l - 114. Determine x(6).
-102
Let g(p) = -14*p**2 + 483*p + 231. Calculate g(35).
-14
Let v(w) = 5*w + 47. What is v(-8)?
7
Let s(p) = 6*p**3 - 89*p**2 - 19*p - 119. Determine s(15).
-179
Let g(w) = 10*w**2 + 1059*w - 179. Give g(-106).
-73
Let a(w) = -w**3 + 37*w**2 - 36*w - 152. Determine a(36).
-152
Let m(i) = i**3 - 89*i**2 - 5851*i + 43. What is m(-44)?
-1
Let a(u) = -438*u + 553. What is a(1)?
115
Let k(y) = 1478*y + 85721. What is k(-58)?
-3
Let k(q) = -15*q**2 + 453*q + 58. Calculate k(30).
148
Let w(d) = 34*d**2 + 4629*d + 673. Determine w(-136).
-7
Let l(b) = b**3 - 24*b**2 - 86*b - 8. Give l(27).
-143
Let s(z) = 145*z - 1450. What is s(13)?
435
Let i(a) = 7*a**2 - 15*a - 49. What is i(-3)?
59
Let k(w) = 23*w**2 - 9*w - 16. Calculate k(-2).
94
Let b(j) = -j**2 + 14*j + 983. Determine b(39).
8
Let s(x) = 1230*x - 2482. What is s(2)?
-22
Let j(d) = -d**3 + 71*d**2 - 12*d + 830. Calculate j(71).
-22
Let k(i) = -i**3 + 10*i**2 - 13*i + 25. Calculate k(10).
-105
Let w(n) = -5*n**3 + 29*n**2 - 65*n + 264. Determine w(5).
39
Let f(q) = -2*q**3 - 16*q**2 + 68*q + 25. Give f(-11).
3
Let x(d) = 1250*d + 13726. Give x(-11).
-24
Let o(p) = -p**3 - 3*p**2 + 24*p + 81. What is o(-4)?
1
Let r(g) = -3*g - 32. Give r(10).
-62
Let a(o) = 4*o**2 + 27*o - 3158. Determine a(25).
17
Let o(a) = -23*a**2 - 735*a - 734. Determine o(-1).
-22
Let a(k) = -k**3 + 34*k**2 - 67*k + 107. Calculate a(32).
11
Let w(z) = -34*z + 478. What is w(14)?
2
Let q(c) = -c**2 + 26*c - 93. Determine q(3).
-24
Let f(t) = t**2 + 28*t + 86. Determine f(-3).
11
Let t(q) = 39*q - 56. Calculate t(-2).
-134
Let r(k) = -3672*k - 25761. Give r(-7).
-57
Let h(t) = t**3 - 2*t**2 + 105*t - 451. Give h(4).
1
Let l(f) = f**2 + 37*f - 836. What is l(-53)?
12
Let o(h) = -h**3 - 7*h**2 + h - 66. Calculate o(-11).
407
Let y(k) = k**3 - 14*k**2 + 12*k - 396. Calculate y(15).
9
Let h(n) = 8*n**2 - 178*n + 1626. Calculate h(9).
672
Let n(z) = -191*z - 3808. Determine n(-20).
12
Let z(i) = -1486*i - 17849. Give z(-12).
-17
Let z(q) = 33*q**2 - 148*q - 9. Calculate z(5).
76
Let p(f) = -39*f + 274. What is p(11)?
-155
Let p(h) = -229*h - 4780. Calculate p(-21).
29
Let k(u) = u**2 - 550*u + 25001. Give k(50).
1
Let k(j) = -j**3 - 4*j**2 - 25*j - 155. Determine k(-5).
-5
Let r(k) = -476*k + 4718. Calculate r(10).
-42
Let z(b) = b**2 - 6*b + 21. Determine z(5).
16
Let j(u) = -165*u + 1221. Calculate j(8).
-99
Let z(p) = -p**3 + 8*p**2 + 7*p + 24. Determine z(7).
122
Let w(q) = q**2 + 32*q - 18. Determine w(-32).
-18
Let q(f) = f**3 - 16*f**2 + 37*f + 32. What is q(13)?
6
Let n(i) = -i**2 + 2*i - 2. Determine n(3).
-5
Let g(h) = 2108*h + 2098. What is g(-1)?
-10
Let h(m) = -111*m + 2688. Calculate h(22).
246
Let d(k) = -k**2 + 185*k - 1905. Determine d(11).
9
Let k(j) = 14*j + 78. Determine k(9).
204
Let a(x) = -7*x - 57. What is a(-6)?
-15
Let z(s) = 3*s**2 + 22*s - 11. What is z(0)?
-11
Let z(w) = -w**3 - 20*w**2 - 64*w + 35. Give z(-13).
-316
Let b(h) = 2*h**2 - 3*h + 13. Give b(-4).
57
Let j(d) = -3*d**2 - 52*d + 12. Calculate j(-16).
76
Let n(o) = -4*o**3 + o**2 - 2*o + 12. What is n(5)?
-473
Let o(h) = 46*h**2 + 867*h - 128. Calculate o(-19).
5
Let x(k) = -2*k**2 + 47*k + 23. Give x(25).
-52
Let q(j) = j**3 + 38*j**2 + 17*j + 128. Give q(-37).
868
Let w(c) = -4*c**2 - 28*c - 11. Calculate w(-9).
-83
Let d(k) = -416*k + 1333. Give d(3).
85
Let s(b) = b**2 - 39*b + 354. Determine s(19).
-26
Let k(b) = b**3 + 86*b**2 + 80*b - 487. What is k(-85)?
-62
Let r(g) = g**2 - 127*g - 7297. Calculate r(170).
13
Let s(v) = 4*v**2 + 57*v + 20. Determine s(-14).
6
Let z(y) = y**3 + 20*y**2 - 91*y + 116. What is z(-24)?
-4
Let l(h) = h**2 - 48*h + 542. Determine l(31).
15
Let b(f) = f**2 + 240*f + 11479. What is b(-174)?
-5
Let f(w) = -630*w + 6043. Give f(10).
-257
Let j(d) = 91*d - 2274. Calculate j(25).
1
Let m(g) = -4977*g - 24882. Calculate m(-5).
3
Let t(i) = -i**2 - 128*i + 1288. Give t(9).
55
Let b(a) = -109*a**2 - 2163*a + 345. Calculate b(-20).
5
Let t(s) = -s**3 - 12*s**2 + 3*s + 4. Give t(-10).
-226
Let m(y) = -2*y**2 - 165*y + 1251. Calculate m(8).
-197
Let l(p) = -p**2 - 82*p - 1332. Determine l(-59).
25
Let a(w) = -w**3 + 10*w**2 + 115*w + 49. Determine a(-6).
-65
Let b(u) = -u**3 + 91*u**2 - 97*u + 881. Determine b(90).
251
Let h(q) = -50*q + 4582. Calculate h(92).
-18
Let z(p) = -535*p**2 - 6*p + 5. Determine z(1).
-536
Let t(v) = 2*v**3 + 42*v**2 - 6*v - 48. Calculate t(-21).
78
Let z(n) = -3*n**3 + 2*n**2 + 43*n - 136. Give z(5).
-246
Let i(m) = 3*m**3 - 11*m**2 + 11*m + 25. What is i(7)?
592
Let q(w) = -3*w**3 + 12*w**2 - 22*w + 80. What is q(4)?
-8
Let l(y) = 15*y**3 + 11*y**2 + 5*y - 7. Calculate l(-1).
-16
Let j(o) = 2*o**2 - 40*o - 452. Give j(28).
-4
Let y(o) = -o**3 - 33*o**2 + 157*o - 31. What is y(-37)?
-364
Let s(h) = -61*h**2 - 4568*h + 522. What is s(-75)?
-3
Let y(z) = 2*z**3 + 5*z**2 + 4*z - 1. Calculate y(-4).
-65
Let j(q) = -q**2 - 38*q + 118. Give j(-40).
38
Let b(x) = -x**3 - 22*x**2 - 77*x + 133. Determine b(-17).
-3
Let u(k) = k**2 - 28*k - 174. Calculate u(-9).
159
Let s(t) = -58*t + 108. Calculate s(2).
-8
Let l(t) = -t**3 - 206*t**2 - 1007*t - 413. What is l(-201)?
-11
Let r(y) = 4*y**2 + 35*y + 36. Calculate r(-3).
-33
Let h(k) = -k**2 - 147*k + 1581. What is h(-157)?
11
Let j(c) = -2*c**3 + 16*c**2 - 406*c + 3791. What is j(9)?
-25
Let q(p) = -p**2 + 43*p - 342. Calculate q(22).
120
Let h(k) = 345*k - 4503. Determine h(13).
-18
Let g(m) = m**3 + 30*m**2 + 58*m + 39. Determine g(-28).
-17
Let u(c) = -c**3 - 61*c**2 + 127*c + 132. Give u(-63).
69
Let c(w) = 7*w**2 + 158*w + 214. What is c(-21)?
-17
Let s(h) = 17*h**2 + 45*h + 63. Give s(-6).
405
Let c(u) = -60*u**2 + 14*u + 1. Calculate c(-1).
-73
Let r(v) = 13*v + 133. Determine r(-10).
3
Let n(h) = h**2 - 1207*h + 33003. Determine n(28).
-9
Let c(t) = 2*t**3 + 30*t**2 - 30*t - 432. Give c(-15).
18
Let d(w) = w**3 + 10*w**2 - 96*w - 869. What is d(-12)?
-5
Let d(m) = m + 62. Determine d(56).
118
Let a(s) = 4*s**2 + 15*s - 467. Calculate a(9).
-8
Let y(s) = s**3 + 75*s**2 - 79*s - 309. Calculate y(-76).
-81
Let v(s) = s**3 - 10*s**2 + 22*s + 36. Determine v(6).
24
Let i(p) = -11541*p + 69252. Give i(6).
6
Let o(f) = -f + 238. Give o(51).
187
Let k(f) = 5*f**3 + 22*f**2 + 61*f - 6. Give k(-4).
-218
Let x(b) = 37*b + 2588. Give x(-70).
-2
Let l(u) = -u**3 - 239*u**2 - 3976*u + 439. Give l(-221).
-3
Let p(x) = -607*x + 661. Give p(1).
54
Let t(k) = -2*k**3 + 43*k**2 - 10*k - 5. What is t(21)?
226
Let f(u) = -64*u + 4348. Determine f(70).
-132
Let w(p) = -p**2 + 167*p - 5666. Give w(47).
-26
Let s(f) = -969*f - 3900. Give s(-4).
-24
Let n(q) = q**3 - 6*q**2 + 4*q - 22. What is n(6)?
2
Let t(h) = h**3 - 31*h**2 + 213*h - 43. What is t(21)?
20
Let r(z) = 2*z**3 - 28*z**2 - 35*z - 453. Calculate r(16).
11
Let h(w) = -w**2 - 123*w - 1405. Give h(-109).
121
Let z(q) = 6*q + 22. What is z(-6)?
-14
Let a(q) = -15*q + 1145. Determine a(64).
185
Let a(r) = -r**3 + 12*r**2 + 30*r - 27. Calculate a(15).
-252
Let i(x) = 2*x**2 - 431*x - 3111. Determine i(-7).
4
Let u(r) = 456*r + 2146. What is u(-4)?
322
Let c(y) = -y**2 - 71*y + 182. Determine c(-73).
36
Let a(o) = -o**3 + 9*o**2 - 64*o + 435. What is a(8)?
-13
Let p(o) = -o**3 - 10*o**2 - 9*o - 73. Calculate p(-10).
17
Let h(j) = -347*j + 1026. Determine h(4).
-362
Let y(u) = -u**3 + 22*u**2 - 38*u + 59. Wh